) + -8 + 10.
7
Calculate (6 - 2 - (19 - 15)) + 6.
6
What is -3 - (-4 + 7 + -5)?
-1
What is -2 - (6 + (-5 - 0))?
-3
Calculate -10 - (-10 + 0) - 3.
-3
What is the value of (1 - 8) + 6 + -9?
-10
Evaluate 0 - (2 + 1 + -8).
5
(-5 - (4 - 4)) + 10
5
What is 1 + 1 + 2 + -3 + -3?
-2
Evaluate 1 - (-2 + 3 + 1 + -4).
3
Calculate 9 - (-5 + 8 + 2).
4
Calculate (-18 - -14) + -2 + 8 + -2.
0
What is (93 - 96) + (0 - 5)?
-8
Calculate 7 - (-7 + (7 - (-9 + -3))).
-5
11 + -4 + (-3 - (-7 - -6))
5
-9 - (-2 - -6 - 10)
-3
-11 + (-8 - -10) + 1 + 2
-6
What is -1 + -3 + -2 - (-5 - 4)?
3
Evaluate 6 - (8 - 3 - 3).
4
What is (5 - -1) + (-18 + 11 - -6)?
5
What is 1 - 1 - -8 - (17 - 13)?
4
Evaluate -1 - 8 - (1 + 4 + -9).
-5
What is -4 - (1 + -3 + (-1 - 5))?
4
What is the value of 5 + -1 + -10 - -8?
2
What is the value of -5 + -2 + (-5 - -5 - -2)?
-5
What is (67 - 82) + 1 + 8?
-6
What is 0 + (-3 - (6 + -1)) + 3?
-5
What is -4 - 1 - (-4 + -1 + 2)?
-2
Calculate (10 - 10) + -1 + 1.
0
(5 - 10) + -2 + 10
3
Evaluate -1 + 5 + (-3 - 8) + 2.
-5
Evaluate 3 - 3 - 0 - -4.
4
Calculate (3 - 0) + -1 - (43 + -40).
-1
-4 + 1 + 6 + (2 - 5)
0
What is the value of (6 - (-3 - -13)) + 1 + -2?
-5
What is the value of (-6 - (-16 + (10 - 6))) + -6?
0
Evaluate (-4 - (-1 - (1 - -3))) + -2.
-1
-74 + 69 + (1 + 0 - 1)
-5
What is the value of (5 - (-6 + 3)) + -3 - 3?
2
What is (-1 - 1) + (-4 - -5)?
-1
Evaluate 3 - (3 - (3 - 1)) - -3.
5
Evaluate -1 - (4 - (12 - 4)).
3
What is the value of 2 - (-4 - (-19 - -7 - -9))?
3
-6 - ((1 - 4) + (-12 - -10))
-1
What is the value of (-1 - -4) + (0 - 0)?
3
What is the value of -2 + 6 + -9 + (2 - 1)?
-4
Evaluate -2 + (1 - (-1 + -1 - -6)).
-5
What is the value of 7 + -9 - 5 - -4?
-3
What is (1 - -2 - 11) + 5 + 0?
-3
What is 14 + (11 - 22) - 1?
2
What is the value of -8 - (3 + -9) - -6?
4
Calculate -6 + 0 + (3 - 1) + -1.
-5
Evaluate 0 + 5 - (1 + (6 - 10)).
8
What is the value of 0 - (10 + -6 + -6) - 2?
0
Evaluate 5 - (4 - (-1 + 0)).
0
Evaluate -27 + 12 + 15 + (6 - 0).
6
Calculate 0 + (-16 + 3 - -10).
-3
Calculate (9 - (2 - 0)) + -12.
-5
What is (11 - 3 - 0) + (-13 - -8)?
3
What is 11 - (11 + (-3 - 4))?
7
What is the value of 0 - -1 - 0 - (-4 - -4)?
1
Evaluate 0 + -3 + (-1 - -6).
2
Evaluate 1 + (-6 - (-10 + 6)).
-1
Evaluate 2 + 2 + -2 + 2.
4
What is 2 + -3 + (-1 - -6) + -9?
-5
What is (1 - -2) + (17 - 15)?
5
What is -3 + (-3 - (0 + -4))?
-2
What is the value of 12 - (-1 + 3 + 5)?
5
Calculate 5 - 7 - (0 + -2).
0
What is (1 - -8) + -4 + 11 + -11?
5
What is -1 - -2 - (0 - (-1 - -4))?
4
What is -6 - -2 - -14 - 5?
5
Calculate 5 + -3 + 5 + -5.
2
Calculate -11 + (-7 - -9) - -6.
-3
What is the value of -1 - 1 - (5 + -9) - 4?
-2
What is the value of -2 + 1 - (-20 + 23)?
-4
What is -2 + 14 + 0 - 4?
8
What is 9 + (4 - -7 - 16)?
4
-10 + (-1 - -3) + 5
-3
Evaluate 11 + (-6 - (-2 - (1 + -1))).
7
Calculate 19 + (-6 - -13) + -18.
8
Calculate -5 + (-1 - (3 + -7)) + -1.
-3
What is the value of -5 + (0 - (-3 + 1)) + 6?
3
What is 17 - 9 - 8 - 1?
-1
What is the value of -9 - (-1 + -12 + (-2 - -9))?
-3
What is 4 + -17 + 13 + (-1 - 0)?
-1
What is 6 - 3 - (1 + -1 - -3)?
0
What is the value of -7 + 13 + 5 + -6?
5
What is -2 - (-4 - (-1 - (1 - 5)))?
5
2 + -3 + -1 - (-25 + 20)
3
1 + (6 - -2) + -7 + -4
-2
Calculate -4 + 19 + -4 + 1 + -3.
9
Calculate -6 + 5 + 6 + -2 + -2.
1
What is -69 - -70 - (11 - (0 + 2))?
-8
Evaluate -3 + (3 - -4) - 4.
0
What is the value of 3 + 6 + (-7 - -2) - -2?
6
What is (-1 - -2) + (-76 - -74)?
-1
Calculate 0 - (3 - -1) - -6 - 0.
2
Evaluate -4 + 2 + 8 - 2.
4
0 + (-2 - 0) + -7 - -3
-6
1 + (6 + -5 + -3 - -6)
5
What is 3 + 3 + (1 - (2 - -1))?
4
Calculate -1 - -6 - 0 - (103 + -96).
-2
What is the value of (0 + -2 - -8) + -10 + -1?
-5
Evaluate 8 - (-7 - (-9 - 3)).
3
Calculate -2 - (2 - 7 - -4).
-1
What is 0 - (0 - -6 - 13)?
7
4 - (-7 + 13 + (-7 - -4))
1
Calculate -7 - (-9 - -4) - (-9 - -3).
4
What is 4 - (-3 - (-12 - -4))?
-1
What is -8 - (-10 + 1) - (0 - 2)?
3
What is (-3 + -3 - -2) + 3?
-1
10 + (-10 - (17 - 8))
-9
77 - 79 - (-1 - 9)
8
What is (10 - 6) + -7 + 2?
-1
What is the value of 6 + -3 + -4 + (0 - 3)?
-4
What is the value of 2 - (1 - (-1 - -2)) - 0?
2
What is the value of -25 + 18 - (-4 - 0)?
-3
What is the value of 8 + -2 + (3 - (5 + -1))?
5
Calculate -8 - (-3 - -1) - -2.
-4
What is 4 + (-4 - -6) - (15 + -13)?
4
Calculate -5 + -7 + 5 - -5.
-2
-7 + 12 - 8 - -7 - 0
4
What is -1 - (1 - -3 - (7 - 4))?
-2
(-6 - -4) + -1 + 3
0
What is the value of 6 + (-11 + 14 - 17)?
-8
-1 - -4 - (2 - -4 - 6)
3
Calculate 3 - (-3 + 13) - -11.
4
What is -2 + 8 - (15 + -10)?
1
What is the value of 2 - (0 - 5) - (4 - 0)?
3
What is the value of (2 - -1) + (-1 - -1) + -5?
-2
What is 4 + 1 + (2 - -1) + -7?
1
What is the value of 3 + 9 + -11 - (2 - 4)?
3
Evaluate -4 - (-6 - ((-3 - 2) + 5)).
2
What is the value of 2 + ((2 - 4) + 1 - -4)?
5
(2 - 2) + (1 - 2) + 1
0
(0 - -2 - 7) + 12 + -14
-7
Evaluate -8 + (-4 - -5) - (-4 + 2).
-5
Evaluate 4 + 0 + 106 + -114.
-4
Evaluate 86 + -75 + (-17 - 1).
-7
What is -3 + -6 + 3 + (6 - 3)?
-3
Evaluate 2 - (-4 - (-11 - -3)) - -5.
3
Calculate 10 + (-1 - -4) + -10.
3
What is the value of 11 - (19 + -14 - -6)?
0
Evaluate -3 - (4 - (5 - (-1 + -6))).
5
Calculate 2 + -4 + 3 + (1 - 1).
1
Evaluate 4 - (-3 + 5) - 7.
-5
-6 + -1 + 3 + 9
5
What is -8 + 13 + -5 - -4?
4
What is the value of (6 - 0) + (-9 - 4)?
-7
Calculate 15 - (1 - -1) - 7.
6
-3 + (-4 + (2 - 1) - -7)
1
Evaluate -5 + 11 - 1 - (0 - -3).
2
Calculate -6 + 1 + 4 - 7.
-8
(1 - (-12 + 14)) + (2 - 2)
-1
What is (1 - 0) + -4 - 0?
-3
Evaluate -1 + 5 + (-43 - -44).
5
Evaluate 0 + 10 + -8 + (2 - -1).
5
Calculate 4 - (-10 + (5 - -1)).
8
-2 - (1 + -3) - (-2 - -1)
1
Evaluate (1 + -2 + 3 - 0) + -2.
0
What is (-3 - (-5 - 0)) + 3?
5
Calculate -3 - (1 + -7 + 4).
-1
Calculate -7 + -3 - (-1 - 4).
-5
What is the value of 2 - (0 + 3 + 4)?
-5
(-7 - -1) + (4 - 1)
-3
Calculate 7 + -11 + (1 - 2).
-5
What is 0 + -1 + 7 + (-3 - 6)?
-3
-4 + (-7 - -5 - (-5 + 1))
-2
What is 20 - 15 - (2 + 2 - 1)?
2
Calculate -11 - -6 - (-5 - 1) - 6.
-5
Evaluate -20 + 20 - (4 + -5).
1
Calculate (25 - 11) + -14 + 8.
8
Calculate -3 + -2 + -14 + 16.
-3
Calculate 2 - (-5 + 11 - 10).
6
What is 6 + (-3 - 1) + -8?
-6
Calculate -5 + (20 - 8) - 5.
2
What is the value of 16 + -10 - 0 - -2?
8
What is 7 + -4 + -2 + 0 + 1?
2
5 - (-2 + 7 + 5) - -5
0
-5 + -1 + -2 + (6 - 2)
-4
Calculate -3 - (4 + -2 + -4).
-1
What is the value of (1 - 2) + 0 - (4 - 1)?
-4
(-10 - (-4 + -1)) + 1
-4
What is the value of 9 - (10 - (15 + -7))?
7
Calculate 3 - (4 - (-1 - -2 - -4)).
4
What is 9 + (-27 - 5) + 15?
-8
What is (0 - -6 - 3 - 0) + 2?
5
What is -13 + (3 - -7) - (-7 - 1)?
5
Evaluate -1 - 2 - (4 + -10).
3
-7 + -9 + 0 + (18 - 11)
-9
What is (-4 - 5) + 0 + 9?
0
Evaluate 5 - (60 + -59 - (-5 - -1)).
0
-2 + (-6 - (4 + 1 + -4))
-9
Evaluate 5 + (6 - 5) - -5 - 2.
9
What is the value of -31 + 37 - (4 - -1)?
1
Calculate 4 - 3 - (-6 + 4 + -2).
5
Evaluate (2 - (2 - 1)) + 2.
3
What is 28 + -15 - (-1 - -8)?
6
-7 + 9 + (3 - (3 - -3))
-1
4 + 1 + (-11 + 1 - -4)
-1
2 + (7 - (1 - -5))
3
Evaluate 2 - -5 - (17 + -12).
2
What is 0 + 0 - (8 - 5)?
-3
What is 5 + -5 - (2 + (-2 - 0))?
0
Evaluate 3 - (8 - (-2 - -3)).
-4
Evaluate -5 - (6 + (-3 - 3)).
-5
Calculate (1 + 2 - -1) + (-15 - -2).
-9
Calculate 3 + -6 + -1 - (-3 + -7).
6
What is the value of -2 + 2 - (7 + 2 + -9)?
0
1 + (-24 + 20 - (1 + -7))
3
Calculate -1 + (-2 - -1) - (25 - 22).
-5
What is 4 + (0 - -1 - 7 - 1)?
-3
Evaluate -1 - -2 - 3 - (-1 - 3).
2
Calculate 3 + 1 + -7 + 3.
0
Evaluate -10 - ((-3 - 2) + -10).
5
Evaluate 6 + -13 - 10 - -8 - 1.
-10
What is the value of 6 - (1 + 2) - (1 - -1)?
1
Calculate 2 + -4 + -1 - (-3 - 0).
0
Calculate -4 + 1 + 2 + -6.
-7
What is the value of 3 + (-10 - -8) + 5?
6
Evaluate 7 + (4 + (-2 - 7) - 0).
2
16 + -1 - (-28 + 35)
8
-4 + 2 - -2 - 4
-4
Evaluate (-8 - -14) + -7 + -6 - 0.
-7
Evaluate -4 + (-11 - -26) + -6.
5
What is the value of (-10 - -3) + (2 - (3 - 4))?
-4
What is the value of -11 + 0 - (-20 + 15)?
-6
Calculate -17 + (3 - (13 + -9)) + 7.
-11
What is the value of (1 - 0) + 1 - 3 - -3?
2
What is 1 - -6 - (2 + 8)?
-3
Calculate 2 + -2 - 8 - (-11 + 7).
-4
(0 - 2) + (2 - (4 + -2))
-2
Calculate (-8 - -7) + (2 + -5 - -2).
-2
What is the value of 0 + (-3 - -4 - 4)?
-3
What is the value of (-13 - -3) + (-3 - -3) + 4?
-6
Calculate 0 + 